e 0 = -3*v - 0*v + 5*r + 33, -2*r + 11 = v. Suppose -4*b - 2*j = -0*b - 250, 3*j = b - 80. Calculate the remainder when (-2)/4 + b/2 is divided by v.
10
Let t = 21 - 2. What is the remainder when t is divided by 10?
9
Suppose -5*j = -2*j + 48. Let c = -1 - j. Let z = -6 - -14. What is the remainder when c is divided by z?
7
Suppose 2*t = y + 17, -2*t + y + 4*y + 21 = 0. Calculate the remainder when 23 is divided by t.
7
Let y = -72 + 114. What is the remainder when y is divided by 11?
9
Let m = 4 + 2. Let t = m - 2. Let p(v) = v**2 - v + 2. Calculate the remainder when 27 is divided by p(t).
13
Let j = -3 - -8. Suppose -4*o + 228 = -0*o - 2*v, 4*o + j*v = 200. What is the remainder when o is divided by 19?
17
Let i = 19 - -29. Calculate the remainder when i is divided by 10.
8
Let z(n) = -n**3 + 6*n**2 - 6*n + 10. What is the remainder when 8 is divided by z(5)?
3
Calculate the remainder when (60/35)/((-1)/(-28)) is divided by 25.
23
Let z be 11*(3 + 2*-2). Let v = 1 - 2. Calculate the remainder when (-3 - v)*(-2 + z) is divided by 9.
8
Let p be 0 - ((-6)/(-2) + -1). What is the remainder when 31 is divided by p/(-1)*(6 + -2)?
7
Let z = -7 + 23. Suppose -z = -m + 17. What is the remainder when 131 is divided by m?
32
Let s(v) = v**3 - 7*v**2 - v - 6. Calculate the remainder when s(9) is divided by 30.
27
Suppose -5*r = 4*g + 33, -4*r - 16 = 5*g + 23. Let c be (-4)/6 + (-320)/15. Let m = g - c. What is the remainder when 29 is divided by m?
14
Suppose 4*y = 15 + 9. Calculate the remainder when (-2)/(-5) + 78/5 is divided by y.
4
Calculate the remainder when 27 is divided by 1*21*12/18.
13
Suppose 6*o - o - 2790 = 0. What is the remainder when (2/(-6))/((-6)/o) is divided by 16?
15
Suppose 254 + 367 = 9*k. What is the remainder when 343 is divided by k?
67
Suppose -7 = -7*d + 7. Suppose -2*s + 3*g = -2*g - 23, 4*s - d*g - 54 = 0. Calculate the remainder when 26 is divided by s.
12
Suppose 0 = 4*t - a - 2*a - 94, -3*a = -6. Calculate the remainder when t is divided by 14.
11
Let m be 2/((4/(-57))/(-2)). Let o = m - 39. Calculate the remainder when 71 is divided by o.
17
Let g = -18 + 51. Let m be 37 + 2 - (1 + 1). Suppose f - 10 = -q, q - m = 3*f - 7*f. What is the remainder when g is divided by f?
6
Suppose -a - 5*a = -90. What is the remainder when a is divided by 6?
3
Suppose -4*n + 80 = 4*k, 4*k + 2*n - 4*n = 92. What is the remainder when 64 is divided by k?
20
Suppose 6 - 2 = 2*w. Calculate the remainder when 3 is divided by w.
1
Calculate the remainder when 80 is divided by ((-1)/2*21)/((-5)/10).
17
Let v(s) = -11*s**3 - s**2 - 3*s - 3. Suppose -4*g + 5*w + 78 = 0, 0 = -3*g - 0*g - 4*w + 74. What is the remainder when v(-2) is divided by g?
21
Calculate the remainder when 14 is divided by (-3)/5 + 53/5.
4
Suppose -3*r - 17 = -104. Suppose -2*a + r = 3*o - a, 0 = -o + 5*a + 15. What is the remainder when 39 is divided by o?
9
Let u(t) be the third derivative of -2*t**4/3 - 7*t**3/6 + 5*t**2. Suppose -2*b - b + 33 = 0. Calculate the remainder when u(-3) is divided by b.
8
Let s be (-2)/2 + (-48)/(-12). Calculate the remainder when 27 is divided by -1 - (2 - s)*11.
7
Let m = 220 - 82. Calculate the remainder when m is divided by 35.
33
Suppose -j + 0*j = -3*v + 69, -2*j = 6. Calculate the remainder when 43 is divided by v.
21
Suppose 5*l = 2*y + l - 68, 5*y + 5*l - 140 = 0. What is the remainder when y is divided by 11?
8
Suppose 5*g = -2*f + 55, 5*f + 7 - 32 = 0. Calculate the remainder when 17 is divided by g.
8
Suppose -o = -i - 2*o + 5, 5*i = -2*o + 40. Calculate the remainder when (1 - -8)*(14 - 12) is divided by i.
8
Let c(l) = 2*l. Let k be c(3). Suppose k*u - 4*u - 133 = -3*a, 12 = -3*u. What is the remainder when a is divided by 12?
11
Suppose -6*h + h + 145 = 0. Let i(f) = -f + 3. What is the remainder when h is divided by i(-7)?
9
Suppose 6*x - x - 2*j = 232, -2*x = -j - 93. What is the remainder when x is divided by 12?
10
Calculate the remainder when (-770)/(-6) - 16/12 is divided by 33.
28
Let v(g) = -g**2 + 8. What is the remainder when 8/16 - 43/(-2) is divided by v(0)?
6
Let t = 0 - 3. Calculate the remainder when 173/5 - t/(-5) is divided by 9.
7
Let a = 108 - 97. What is the remainder when 53 is divided by a?
9
Let f(w) = -w + 4. Suppose -4*q - 4 = -8. Suppose -a + q = 4*v, -1 - 2 = -3*v. What is the remainder when f(a) is divided by 3?
1
Let c = 4 - -9. Let b = -4 + 6. Suppose 38 = -b*m + 3*m. Calculate the remainder when m is divided by c.
12
Suppose 0 = 5*m - 2*k - 21, -m - 3*k + 0*k - 6 = 0. What is the remainder when 74/m + (-4)/6 is divided by 13?
11
Let n(m) = m**2 + 3*m - 3. Let p(a) = -a - 5. Let z be p(-5). Suppose 4*t + j = 76, z = j - 5*j. What is the remainder when t is divided by n(2)?
5
Let r(b) = -b - 1. Let v be r(3). Let g = -4 - v. Suppose u - 3 = -g*u. What is the remainder when u is divided by 2?
1
Let x(u) = u**3 + 13*u**2 - 14*u + 2. Suppose 0 = 5*i + 2 - 32. What is the remainder when i is divided by x(-14)?
0
Let h = 5 - -8. What is the remainder when 62 is divided by h?
10
Let o be -2 + 16 + 1*-1. Suppose 5*t - 12 - o = 0. What is the remainder when 9 is divided by t?
4
Let y be (0 + 2)/4*62. Suppose -y = -3*s - 4*r, -7 = 2*s + 2*r - 27. Calculate the remainder when 32 is divided by s.
5
Let d = 18 - -1. What is the remainder when 72 is divided by d?
15
Suppose -5*d = -6*c + 3*c + 68, 2*c - 4*d = 48. Suppose -s - l + 139 = 0, -s - 3*s + 562 = l. Calculate the remainder when 1/(-6)*-2*s is divided by c.
15
Suppose -25 = -3*l - n, 0 = -2*l + l - 2*n. Suppose 2*f - 12 = l. What is the remainder when 19 is divided by f?
8
Suppose q = 2*q - 30. Let u(z) = 7*z**2 + 1. What is the remainder when q is divided by u(1)?
6
Calculate the remainder when -4*((-15)/5 + -1) is divided by 3.
1
Let y = 3 - 1. Let m(k) = 3*k**2 - 2*k - 4. Let r be m(3). Suppose 0*o - 5*o + 13 = -3*a, -r = -5*o + 2*a. Calculate the remainder when o is divided by y.
1
Suppose 3*u + 42 = 6*u - 4*v, -3*u = -3*v - 39. What is the remainder when 69 is divided by u?
9
Suppose 0 = -5*z + 13 - 93. Calculate the remainder when 29 is divided by 6/48 - 126/z.
5
Let f = -7 - -5. Let l(w) = -w. Let y be l(f). Suppose -y*a + 3 + 19 = 0. What is the remainder when 42 is divided by a?
9
Suppose -2*r - 3*r - 110 = 0. Let x = 27 - r. Calculate the remainder when x is divided by 17.
15
Let l(w) = 3*w - 8. Let i(o) = 9*o - 8. Calculate the remainder when i(4) is divided by l(6).
8
Let j = -1 + -1. Let f(s) = -6*s**3 + s**2 - s - 2. Let r = 20 - 2. What is the remainder when f(j) is divided by r?
16
Suppose -5*a = -2*r + 165, -3*r - a = -5*r + 145. Calculate the remainder when r is divided by 25.
20
Let w(m) = m**3 + m - 1. Let v be w(1). Let l be (1 + -1)*(0 + v). Suppose 0 = -4*r - l*r + 16. What is the remainder when 6 is divided by r?
2
Let d = -59 - -80. What is the remainder when d is divided by 13?
8
Let b = 0 + 3. Let p = 10 - b. What is the remainder when 26 is divided by p?
5
Calculate the remainder when 195/(-6)*(-8)/5 is divided by 9.
7
Let g = 3 - 41. Let m = -23 - g. Calculate the remainder when (-1)/1*-1 - -42 is divided by m.
13
Suppose -3*s + 7 = -h, -4*s = 2*h + h - 44. What is the remainder when 2/h - 441/(-28) is divided by 9?
7
Suppose -2*j + d + 209 = 3*j, 0 = j - 3*d - 53. What is the remainder when 158 is divided by j?
35
What is the remainder when 1 + 99 - 3/(-1) is divided by 26?
25
Suppose 0*w - w = -144. Let x = w + -96. Let b = 71 - x. Calculate the remainder when b is divided by 8.
7
Let b = 183 - 82. What is the remainder when b is divided by (132/8 - -3)/((-3)/(-4))?
23
Let z(c) = -3 + 8 - 2*c - 3. Calculate the remainder when 25 is divided by z(-6).
11
Let z = 11 - 7. Suppose -z*y + 10 = y. Suppose 0 = -3*f + 4*f - y. Calculate the remainder when 4 is divided by f.
0
Let u(b) = b**2 - 3*b - 14. What is the remainder when u(11) is divided by 19?
17
Let j = 15 + -5. Calculate the remainder when 39 is divided by j.
9
Suppose 2*h - 12 = -h, 5*h - 78 = -2*d. What is the remainder when d is divided by 13?
3
Calculate the remainder when 57 is divided by 4/(32/(-6))*-20.
12
Suppose 0*y = y + 2. Let j(i) = 9*i**2 + i + 1. Calculate the remainder when j(y) is divided by 9.
8
Suppose 0 = -m + 4*m - 42. Suppose -m = -5*l + 101. C